.
2, 3
Suppose -3*r = -6*r - 15. Suppose -g - 3 = -2*g. What are the prime factors of -3*1/(g/r)?
5
Suppose 2*t = -4*q + 2*q + 6, 4*q = 5*t + 12. Let v be (2/q)/((-2)/(-6)). Suppose 2*u + v*u = 12. List the prime factors of u.
3
Suppose 0 = 5*o + 2*m - 648, -o + 2*m + 133 = -m. List the prime factors of o.
2, 5, 13
Let f = -90 + 210. List the prime factors of f.
2, 3, 5
Let v(n) = 4 - 2 - 2*n - 4. Let w be v(6). Let k = 23 + w. List the prime factors of k.
3
Let r(h) = h**2 + 3*h - 4. Suppose -5*i - t - 4*t + 15 = 0, 4*i - 11 = -5*t. Suppose p - 2*p = i*l + 23, 6 = -2*p. What are the prime factors of r(l)?
2, 3
Let r(d) = d**2 + d - 2. Let i be r(2). Let t be (-4)/4*1*-3. Suppose 5*z = -3*u + 18, i*u - t*z = 2*z + 59. List the prime factors of u.
11
Let l = -54 - -161. List the prime factors of l.
107
What are the prime factors of (4 - 14)/(4/(1 + -3))?
5
Suppose -c + 2*i + 26 - 9 = 0, -21 = -c + 3*i. What are the prime factors of (-10)/45 - (-20)/c?
2
Let b(l) = -l - 3. Let d be b(-6). Suppose -2*g - x = 2*g - 70, d*g - 49 = x. What are the prime factors of g?
17
Let m(f) = 1 + 8*f**3 - 2*f + 9*f**2 + 8*f - 7*f**3. List the prime factors of m(-8).
17
Let n = -9 + 41. List the prime factors of n.
2
Let r(v) = 5 - 1 - 3 - v + 1. What are the prime factors of r(-16)?
2, 3
Suppose 3*v - 18 = 3. Let x = -4 + v. What are the prime factors of x?
3
Suppose 33 = f + 2. Suppose 4*i = f + 25. What are the prime factors of i?
2, 7
Suppose m + 1 = 0, -m = -3*h - h + 33. Let s be (4/(-10))/((-1)/25). Suppose -2*a + h + s = 0. List the prime factors of a.
3
Suppose -8*b - 123 = -9*b. Suppose 5*m - b = -13. List the prime factors of m.
2, 11
Suppose h = -4*x + 6, 0 = -2*h + 4*h - 4*x + 12. What are the prime factors of (h/4)/(1/(-12))?
2, 3
Let d = -11 - -13. Suppose 0 = 4*c - 3*y - 6, -c = 4*y - 8 - 3. What are the prime factors of 7 - ((c - d) + -2)?
2
Let z(o) be the second derivative of -o**4/12 - 5*o**3/3 + 4*o**2 - 4*o. List the prime factors of z(-10).
2
Let b(m) = -3*m - 10. Suppose -2*i = 3*i + 30. Let a(x) = 2*x + 9. Let v(f) = i*a(f) - 5*b(f). What are the prime factors of v(4)?
2
What are the prime factors of (-3 + 7)*(-3 - -5)?
2
Let y(h) = 9*h**2 + 2*h - 1. What are the prime factors of y(-2)?
31
Let j be 121*((-2 - -4) + -1). Let p = j - 84. What are the prime factors of p?
37
Let n(v) be the third derivative of v**4/24 - v**3 - v**2. Let h be n(7). List the prime factors of (6 - (-3 + 2))/h.
7
Suppose 0*r - 55 = -5*d + 3*r, -3*r = 4*d - 17. What are the prime factors of 2/d - (-118)/8?
3, 5
Let k be -6*(-1)/(-9)*3. Let u = k + 5. List the prime factors of 2/u + 185/15.
13
Let j = -11 + 17. Suppose 2*g = 3*g - j. Suppose 5*q - 80 = -4*d, q + 56 = g*d - 2*d. What are the prime factors of d?
3, 5
Let g = -82 - -523. What are the prime factors of g?
3, 7
Let m(v) = 20*v + 6. List the prime factors of m(4).
2, 43
Suppose 0 = -3*p + 512 - 20. List the prime factors of p.
2, 41
Suppose 54 = 5*p + 3*k, 4*p - 5*k - 26 = -5. Let j be 12/p - (-1)/(-3). List the prime factors of 1 - 1/(j/(-2)).
3
Suppose 0 = 4*l - 15 - 5. Suppose 0 = -4*n + l + 7. Suppose 3*x - 15 - n = 0. What are the prime factors of x?
2, 3
Let k be (-36)/(-48) + 1/4. What are the prime factors of (46 + k)*(-1 + 2)?
47
Let o = -7 + 9. Suppose 5*l - 19 = -o*s, -8*s = -3*s + 2*l - 79. What are the prime factors of s?
17
Let f(b) = b**2 - 8*b + 7. Let o be f(7). Suppose o = -4*g + 58 - 18. List the prime factors of g.
2, 5
Let r(a) = a - 3. Let b be r(6). Suppose 0 = b*t + t. Let v = 17 - t. What are the prime factors of v?
17
Let p = -153 + 247. List the prime factors of p.
2, 47
Let q(j) = -j**3 + j**2 - 4. List the prime factors of q(-2).
2
Let k be (-9)/3*(-4)/6. Suppose m = j + 21, -k*j - 37 = -m + 3*j. List the prime factors of m.
17
Suppose -10 + 4 = p. Let b = 8 + p. Suppose -v + b*c + 11 = 0, -4*v + 24 = 2*c - 0*c. List the prime factors of v.
7
Suppose 0 = 17*b - 1708 - 5024. List the prime factors of b.
2, 3, 11
Suppose 4*l - 153 = 47. List the prime factors of l.
2, 5
What are the prime factors of ((-187)/(-85))/(1/15)?
3, 11
Suppose 2*d = -2*d + 48. Let g = -8 + d. List the prime factors of g.
2
Let k = -3 + 5. Suppose 19 = 2*n - n + h, -3*n - k*h + 53 = 0. What are the prime factors of n?
3, 5
Suppose -3*c - c + 20 = 0. Let x(z) = z**3 - 6*z**2 + 7*z. List the prime factors of x(c).
2, 5
Let p(w) be the third derivative of -1/3*w**3 + 0*w + 0 + 1/24*w**4 + 2*w**2. What are the prime factors of p(5)?
3
Suppose 5*v - i = 425, 410 = -0*v + 5*v + 2*i. Suppose 0*h + 3*h = v. List the prime factors of h.
2, 7
Let j(d) = -d - 1. Let r(k) = 10*k + 1. Let g(s) = -4*j(s) - r(s). What are the prime factors of g(-3)?
3, 7
Suppose -4 = k, 4*c - 140 = k + k. What are the prime factors of c?
3, 11
Let s be (-9)/2*16/12. Let c(p) = -p**3 - 6*p**2 - p - 2. List the prime factors of c(s).
2
Let h = 0 - -4. Suppose h*r + 5 - 13 = 0. What are the prime factors of r?
2
Let p be 1/2*(0 - -4). Suppose -p*d - 2 + 46 = 0. List the prime factors of d.
2, 11
Suppose l - 100 = -4*c, 5*c + 5*l = c + 84. List the prime factors of c.
2, 13
Let g(i) = -i**3 - 3*i**2 + 3*i + 2. Let m be g(-4). Suppose 4*p - 42 = m. Suppose -2*k + p = -k. List the prime factors of k.
2, 3
Let a = 77 - -5. What are the prime factors of a?
2, 41
Suppose 25 + 13 = 2*a. List the prime factors of a.
19
Let q be 2/6 - (-112)/24. Let c = q + -3. List the prime factors of 4 - (1 - c - 1).
2, 3
Let m(w) = 5*w - 17. List the prime factors of m(18).
73
Let d = 1 + 3. What are the prime factors of (-4)/(-8) + 6/d?
2
Let a = -159 - -325. What are the prime factors of a?
2, 83
Let k(f) = f + 1. Let r be k(1). Suppose r = -4*x + 2*w, -4*w - 5 + 1 = 0. Let y = 11 - x. What are the prime factors of y?
2, 3
Suppose -3*m - 6 = 9. Let w = 10 + m. List the prime factors of w.
5
Suppose 104 = 20*p - 16*p. Suppose 97 = 3*q - l, -43 = -2*q + 5*l + p. List the prime factors of q.
2
Let m(q) be the first derivative of -q**4/4 + 4*q**3/3 + 2*q**2 + 2*q - 1. List the prime factors of m(4).
2, 3
Let m be (-2)/(3 - 38/14). Let y = 10 + m. List the prime factors of y.
3
Let w = 11 + -6. Suppose -58 = -w*n + 2*a, 6*a = 5*n + 2*a - 66. Suppose o = -3*h + n, -13 = 4*o + 7. What are the prime factors of h?
5
Suppose 4*m - 12 = -4. Suppose -u - 6 = x, x - u - m*u + 26 = 0. Let d = x - -16. List the prime factors of d.
5
Let m be 7 - 6 - 2/2. Suppose m = 2*t - 0*t + 2. What are the prime factors of 114/30 - t/5?
2
Let f(d) = -d**2 + 7*d - 5. Suppose 6 = 3*y - 12. Let h be f(y). What are the prime factors of (0 - -4) + (1 - h)?
2
Suppose 5*m - 5*n - 215 = 0, -3 + 5 = n. Let u = m - 21. Suppose u = -r + 5*r. What are the prime factors of r?
2, 3
Let p be (-4 - -2)/(2/(-4)). Let h(v) = v**2 - 2*v + 2. Let g be h(p). Let m = -1 + g. List the prime factors of m.
3
Let v(m) = m + 7. Suppose 18 = 2*x - 4*x. Let k be v(x). What are the prime factors of (-1)/((-1)/(k + 7))?
5
Let t(i) = -i**2 - 10*i + 8. Suppose -5*n - 3*p - 43 = 0, 3*n - 2*n + p = -7. Let b be t(n). What are the prime factors of (4 + b/(-3))/1?
5
Let y(u) = 6*u - 4. Let a(c) = 5*c - 5. Let d(o) = -5*a(o) + 6*y(o). What are the prime factors of d(1)?
2, 3
Let l(p) be the first derivative of 3*p**2/2 + p - 2. Let t be l(5). Suppose -4*g + 6*g = t. What are the prime factors of g?
2
Let p = -54 - -72. What are the prime factors of p?
2, 3
Suppose -t - 5*i - 117 = t, 2*t + 2*i = -108. Let w = t - -83. List the prime factors of w.
2
Let f(g) = 2*g**3 + 9*g**2 + 9*g + 25. Let v(q) = -q**3 - 5*q**2 - 5*q - 12. Let c(k) = -3*f(k) - 7*v(k). List the prime factors of c(-7).
2
Suppose -4*s - 25 = s. Let f be (s/(-25))/((-1)/(-5)). Suppose -4*g = f - 41. What are the prime factors of g?
2, 5
Let w = -5 - -18. What are the prime factors of w?
13
Suppose s = 4*s - 9. Let j = s + -1. What are the prime factors of j?
2
Suppose 0 = -2*k + 7*k - 10. Let a = k - -13. List the prime factors of a.
3, 5
Let k(r) = 2*r**2 - 8*r - 6. Let p be k(6). Suppose p = 3*o - 5*n - 74, 80 = 4*o + 4*n. Suppose b + 0*b - 4*c = 15, 5*b - o = 3*c. List the prime factors of b.
3
Let w(l) = -l**3 + 6*l**2 + 2. Let c = 4 - 1. Suppose c*a + 5*m = -3 + 1, a - 2 = -m. List the prime factors of w(a).
2
Suppose -18 + 6 = -4*p + 4*z, -2*z = 0